ands digit of 320184844?
4
What is the ten millions digit of 80231831?
8
What is the thousands digit of 470761541?
1
What is the hundreds digit of 66185012?
0
What is the ten thousands digit of 73038177?
3
What is the ten thousands digit of 874351288?
5
What is the hundred thousands digit of 1585947316?
9
What is the hundreds digit of 5606472?
4
What is the millions digit of 294936738?
4
What is the hundreds digit of 6204374224?
2
What is the ten millions digit of 2294062250?
9
What is the millions digit of 735778528?
5
What is the hundreds digit of 547619908?
9
What is the ten millions digit of 186731688?
8
What is the ten millions digit of 25199194?
2
What is the tens digit of 133566263?
6
What is the hundred millions digit of 2207480357?
2
What is the thousands digit of 53364581?
4
What is the ten thousands digit of 2454699228?
9
What is the ten millions digit of 59719200?
5
What is the millions digit of 68249122?
8
What is the ten thousands digit of 26924288?
2
What is the millions digit of 615265457?
5
What is the millions digit of 327901297?
7
What is the tens digit of 223872677?
7
What is the ten millions digit of 1094444629?
9
What is the millions digit of 48611201?
8
What is the ten millions digit of 225776619?
2
What is the units digit of 5050525522?
2
What is the hundred millions digit of 1727401330?
7
What is the hundred thousands digit of 43754569?
7
What is the ten thousands digit of 1317768491?
6
What is the units digit of 228067247?
7
What is the millions digit of 20128084?
0
What is the units digit of 225721134?
4
What is the hundred thousands digit of 421052111?
0
What is the thousands digit of 1735553418?
3
What is the hundreds digit of 403427298?
2
What is the thousands digit of 2191713913?
3
What is the thousands digit of 187433241?
3
What is the hundreds digit of 1554469555?
5
What is the ten thousands digit of 299891520?
9
What is the ten millions digit of 29487830?
2
What is the units digit of 57606739?
9
What is the millions digit of 3737839037?
7
What is the hundred thousands digit of 178273311?
2
What is the units digit of 108057605?
5
What is the millions digit of 64996847?
4
What is the hundreds digit of 27465215?
2
What is the units digit of 3118750?
0
What is the units digit of 549861998?
8
What is the ten millions digit of 197129146?
9
What is the ten thousands digit of 1465650289?
5
What is the hundreds digit of 4011333642?
6
What is the ten thousands digit of 388805969?
0
What is the ten thousands digit of 576203525?
0
What is the hundreds digit of 721641635?
6
What is the billions digit of 6876310692?
6
What is the ten thousands digit of 163742843?
4
What is the ten thousands digit of 24416104?
1
What is the millions digit of 42988328?
2
What is the ten millions digit of 2000951035?
0
What is the hundred thousands digit of 114213765?
2
What is the millions digit of 46414212?
6
What is the thousands digit of 240737003?
7
What is the ten thousands digit of 746315089?
1
What is the thousands digit of 429514274?
4
What is the units digit of 2926952172?
2
What is the ten millions digit of 14761827?
1
What is the hundreds digit of 141915782?
7
What is the tens digit of 18877629?
2
What is the hundred millions digit of 1470317275?
4
What is the hundred thousands digit of 38273908?
2
What is the units digit of 431727767?
7
What is the ten millions digit of 612933611?
1
What is the ten thousands digit of 42927831?
2
What is the millions digit of 24083595?
4
What is the hundreds digit of 64717656?
6
What is the hundreds digit of 107227139?
1
What is the hundred millions digit of 1242072651?
2
What is the hundreds digit of 144514110?
1
What is the units digit of 120204706?
6
What is the hundred millions digit of 100015915?
1
What is the units digit of 701934816?
6
What is the units digit of 2643233978?
8
What is the units digit of 1621822395?
5
What is the ten millions digit of 152241537?
5
What is the units digit of 7211668?
8
What is the hundred thousands digit of 62945716?
9
What is the tens digit of 525329400?
0
What is the tens digit of 811112100?
0
What is the hundred thousands digit of 1233418817?
4
What is the thousands digit of 1227519012?
9
What is the thousands digit of 976490626?
0
What is the hundreds digit of 13610177?
1
What is the hundreds digit of 39688748?
7
What is the millions digit of 7403272587?
3
What is the ten millions digit of 1238667688?
3
What is the tens digit of 944487494?
9
What is the millions digit of 1258491342?
8
What is the ten thousands digit of 128620799?
2
What is the hundred millions digit of 2691133797?
6
What is the hundred millions digit of 144560964?
1
What is the ten millions digit of 2131132065?
3
What is the tens digit of 181606904?
0
What is the units digit of 619224342?
2
What is the hundred millions digit of 4771839411?
7
What is the millions digit of 387106533?
7
What is the hundred millions digit of 456387241?
4
What is the hundred thousands digit of 2212970598?
9
What is the hundreds digit of 17925713?
7
What is the millions digit of 1293192806?
3
What is the hundreds digit of 534513750?
7
What is the tens digit of 263152199?
9
What is the tens digit of 319083163?
6
What is the ten millions digit of 331557484?
3
What is the hundred thousands digit of 146462313?
4
What is the millions digit of 41245518?
1
What is the billions digit of 1529311749?
1
What is the tens digit of 32347566?
6
What is the hundred thousands digit of 59366390?
3
What is the thousands digit of 60991474?
1
What is the hundred millions digit of 180657212?
1
What is the units digit of 504670?
0
What is the tens digit of 7165967784?
8
What is the hundreds digit of 30556029?
0
What is the ten millions digit of 950020815?
5
What is the units digit of 35875387?
7
What is the thousands digit of 202156476?
6
What is the tens digit of 28506077?
7
What is the units digit of 118811303?
3
What is the ten thousands digit of 5377789695?
8
What is the millions digit of 293830765?
3
What is the hundred thousands digit of 392871325?
8
What is the hundreds digit of 63536430?
4
What is the units digit of 71621521?
1
What is the tens digit of 3781285?
8
What is the millions digit of 385841707?
5
What is the ten millions digit of 236187819?
3
What is the hundreds digit of 1124088112?
1
What is the tens digit of 368308947?
4
What is the millions digit of 5572541024?
2
What is the millions digit of 785910032?
5
What is the billions digit of 6732339654?
6
What is the tens digit of 499449949?
4
What is the ten thousands digit of 5066132?
6
What is the billions digit of 1824784308?
1
What is the thousands digit of 14692816?
2
What is the thousands digit of 345687047?
7
What is the millions digit of 55146993?
5
What is the tens digit of 27814837?
3
What is the tens digit of 20124186?
8
What is the hundred thousands digit of 291856752?
8
What is the tens digit of 3217704849?
4
What is the tens digit of 22168412?
1
What is the tens digit of 2443681?
8
What is the hundred thousands digit of 611146046?
1
What is the units digit of 122319318?
8
What is the hundred thousands digit of 859385752?
3
What is the millions digit of 14524113?
4
What is the units digit of 154530259?
9
What is the hundred millions digit of 853785888?
8
What is the ten millions digit of 510331831?
1
What is the hundred thousands digit of 91231250?
2
What is the millions digit of 5484557515?
4
What is the billions digit of 5402344180?
5
What is the hundreds digit of 2662919243?
2
What is the units digit of 1308853221?
1
What is the hundreds digit of 7479086862?
8
What is the tens digit of 865170085?
8
What is the billions digit of 1297200673?
1
What is the millions digit of 160478257?
0
What is the hundred millions digit of 994427611?
9
What is the hundreds digit of 3316826722?
7
What is the ten millions digit of 54534050?
5
What is the billions digit of 1246000659?
1
What is the ten millions digit of 76036051?
7
What is the hundreds digit of 3053252715?
7
What is the thousands digit of 324226194?
6
What is the ten thousands digit of 70111986?
1
What is the ten millions digit of 25108056?
2
What is the hundreds digit of 324266954?
9
What is the hundreds digit of 10096592?
5
What is the tens digit of 1031458981?
8
What is the hundred millions digit of 2